hat is q(1)?
0
Let u(a) = -26*a - 7. Determine u(-11).
279
Let j(y) = -7*y**2 + 54*y + 22. Give j(8).
6
Let d(t) = 8*t + 119. Determine d(-19).
-33
Let b(q) = 10*q - 7. Determine b(5).
43
Let m(o) = o**3 - 11*o**2 - 12*o - 16. Give m(12).
-16
Let g(q) = 9*q - 51. Determine g(6).
3
Let t(d) = d**2 - 16*d - 290. Give t(27).
7
Let g(i) = -i**3 + 5*i**2 - 2*i. Determine g(3).
12
Let q(m) = m**2 - 7*m + 1. Determine q(7).
1
Let w(j) = j**3 - 9*j**2 - 9*j - 42. Determine w(10).
-32
Let u(n) = 9*n**2 - 23*n + 22. What is u(1)?
8
Let s(u) = 2*u + 18. Determine s(-12).
-6
Let z(y) = 2*y**2 - 16*y + 8. What is z(7)?
-6
Let t(p) = -p**3 - 13*p**2 - 13*p - 7. What is t(-12)?
5
Let d(x) = 12*x**3 + 2*x + 1. What is d(-1)?
-13
Let a(o) = 7*o + 272. Give a(-29).
69
Let w(q) = -q**3 + 4*q**2 + q. What is w(3)?
12
Let t(v) = -8*v**2 - 14*v + 1. What is t(-2)?
-3
Let d(g) = -12*g - 2. Calculate d(0).
-2
Let w(c) = -c**3 + 11*c**2 - 6*c - 33. Determine w(10).
7
Let l(p) = -p**3 - 9*p**2 - 2*p + 5. Calculate l(-7).
-79
Let n(t) = t**2 - 15*t - 24. What is n(15)?
-24
Let z(f) = -9*f - 70. What is z(-6)?
-16
Let d(j) = -9*j - 97. What is d(-10)?
-7
Let w(i) = i**2 + 13*i + 9. Calculate w(-8).
-31
Let n(k) = -k**2 - 9*k - 24. Calculate n(-6).
-6
Let d(k) = -k**3 + 8*k**2 - k - 27. What is d(7)?
15
Let p(y) = y - 15. Give p(-6).
-21
Let u(d) = -2*d**2 - 39*d - 23. What is u(-19)?
-4
Let p(a) = a**2 + 11*a + 6. Calculate p(-11).
6
Let d(x) = 2*x + 12. What is d(-10)?
-8
Let r(w) = w + 19. What is r(-6)?
13
Let t(c) = -14*c + 13. Calculate t(0).
13
Let m(s) = -s**3 + 8*s**2 + 3*s - 8. Determine m(7).
62
Let d(j) = -j**2 + 21*j - 25. Determine d(20).
-5
Let s(c) = -3*c - 22. Calculate s(-9).
5
Let x(y) = -2*y**3 - y**2 - 2*y + 2. What is x(3)?
-67
Let x(c) = -c**2 + 2. Give x(2).
-2
Let i(k) = -18*k**2 + 4*k - 7. Give i(2).
-71
Let c(m) = -m**3 - 6*m**2 + 6*m. Calculate c(-7).
7
Let m(c) = c**2 + 12*c + 2. Give m(-9).
-25
Let z(n) = n**3 + 5*n**2 + 3*n - 2. Give z(-4).
2
Let f(s) = 4*s - 32. What is f(9)?
4
Let i(n) = 2*n**2 - 16*n + 8. Give i(8).
8
Let a(q) = -q**2 - 5*q - 4. What is a(-5)?
-4
Let l(y) = -y**3 + 19*y**2 - 16*y - 37. Calculate l(18).
-1
Let a(u) = u**3 - 9*u**2 - 6*u - 36. Give a(10).
4
Let l(o) = o**3 + 9*o**2 + 12*o + 11. Give l(-8).
-21
Let c(q) = -q**2 - 2*q - 2. What is c(-3)?
-5
Let h(t) = t**3 + 5*t**2 - 8*t - 8. What is h(-6)?
4
Let k(t) = -2*t - 17. Determine k(-10).
3
Let i(w) = -w**2 + 8*w - 6. Give i(6).
6
Let k(m) = 11*m**3 - m**2 + 1. Calculate k(-1).
-11
Let n(z) = z**2 - 29*z + 151. Calculate n(7).
-3
Let n(i) = -i**2 + 8*i + 34. Determine n(-3).
1
Let c(p) = p**3 + 11*p**2 + 3*p - 3. Determine c(-11).
-36
Let l(w) = -w**3 + 13*w**2 + w - 10. Give l(13).
3
Let k(b) = 2*b**2 - 5*b + 14. Calculate k(4).
26
Let h(s) = 45*s**3 + 2*s**2 + s. Give h(-1).
-44
Let d(s) = -s**3 + 24*s**2 - 24*s + 33. Calculate d(23).
10
Let h(i) = i**2 + 17*i + 32. What is h(-14)?
-10
Let o(v) = -v**3 - 7*v**2 - 11*v - 38. Calculate o(-6).
-8
Let o(c) = 2*c**3 - 2*c**2 + 3*c + 1. Calculate o(3).
46
Let s(n) = 4*n - 13. Determine s(-4).
-29
Let p(h) = h**2 + 16*h - 1. Give p(-17).
16
Let w(h) = h**3 - h**2 - 10*h - 15. Calculate w(4).
-7
Let z(w) = w**3 + 16*w**2 + 11*w + 14. Give z(-15).
74
Let b(p) = -71*p - 548. Determine b(-8).
20
Let r(o) = -5*o + 1. Calculate r(10).
-49
Let m(k) = -k**2 - 2*k + 53. Calculate m(7).
-10
Let q(t) = -t + 1. Determine q(5).
-4
Let k(c) = c**3 + 5*c**2 + 7*c + 6. Determine k(-4).
-6
Let v(h) = -2*h**3 - 20*h**2 - 19*h + 4. What is v(-9)?
13
Let g(y) = 8*y + 63. What is g(6)?
111
Let x(g) = g**3 + 10*g**2 - 5*g - 62. Give x(-10).
-12
Let c(n) = -n**2 + 6*n - 1. Give c(4).
7
Let v(b) = 2*b**2 + 82*b - 7. What is v(-41)?
-7
Let v(h) = -h**3 + 11*h**2 + 59*h + 19. Determine v(15).
4
Let r(y) = 4*y**2 - y. Give r(1).
3
Let k(n) = -n**2 - 9*n - 11. Give k(-8).
-3
Let z(w) = 2*w**3 + 82*w**2 + 1. Give z(-41).
1
Let r(c) = c**3 - 32*c**2 - 83*c + 516. Give r(34).
6
Let w(c) = -c**2 + 20*c - 38. Calculate w(18).
-2
Let s(m) = m**3 + 10*m**2 - 7*m + 25. Give s(-11).
-19
Let s(b) = -81*b - 458. Give s(-6).
28
Let t(r) = r**2 - 18*r - 88. Give t(22).
0
Let r(z) = z**3 - 3*z**2 - 3*z + 3. Give r(2).
-7
Let r(m) = 9*m - 158. Calculate r(19).
13
Let l(t) = 2*t**2 + 8*t + 10. Determine l(-1).
4
Let x(y) = 2*y - 27. Give x(9).
-9
Let j(f) = f**2 - 17*f + 84. What is j(7)?
14
Let g(f) = -f**2 - 4*f + 16. Calculate g(-6).
4
Let o(c) = 12*c - 18. What is o(2)?
6
Let f(x) = 16*x**2 + 9*x - 2. What is f(2)?
80
Let t(o) = 2*o**2 - 10*o - 13. Calculate t(8).
35
Let a(p) = -3*p**3 + 4*p**2 + 6*p + 5. Calculate a(4).
-99
Let y(u) = u**3 - 17*u**2 + 32*u - 1. Give y(2).
3
Let d(h) = 11*h - 55. Determine d(5).
0
Let l(h) = 14*h + 3. Determine l(-2).
-25
Let k(g) = g**2 - 10*g - 24. Give k(11).
-13
Let g(r) = -2*r**2 - 13*r - 9. What is g(-8)?
-33
Let j(r) = r + 3. Give j(-6).
-3
Let z(x) = -13*x + 9. Determine z(-2).
35
Let i(z) = z**3 - 13*z**2 + 13*z - 12. Give i(12).
0
Let z(a) = -a**3 + a**2 + a + 9. Give z(0).
9
Let i(l) = 2*l**2 + 23*l - 12. What is i(-12)?
0
Let o(x) = x**3 + 7*x**2 + 10*x + 15. Give o(-6).
-9
Let r(b) = -b**3 - 3*b**2 + 14*b + 39. Determine r(-3).
-3
Let t(a) = -a**3 - 5*a**2 + 4*a - 6. Give t(-7).
64
Let o(p) = -6*p - 36. Calculate o(-7).
6
Let c(d) = -9*d**3 - 5*d - 4. Determine c(-1).
10
Let x(q) = 2*q - 2. Give x(1).
0
Let h(v) = -v - 15. Give h(0).
-15
Let o(a) = -a**2 - 10*a + 9. Give o(-13).
-30
Let u(c) = -2*c + 14. Give u(11).
-8
Let o(j) = -j**3 + 18*j**2 - 2*j + 14. What is o(18)?
-22
Let b(y) = y**2 - 10*y - 3. Determine b(8).
-19
Let n(g) = 10*g - 126. Give n(13).
4
Let h(z) = z**3 - z + 8. Give h(0).
8
Let q(k) = k**3 + 5*k**2 + 6*k + 3. What is q(-3)?
3
Let x(h) = -h**2 + 25*h - 118. Determine x(6).
-4
Let q(w) = w**2 + 2*w + 3. What is q(-2)?
3
Let c(l) = l**2 - 8*l + 9. Determine c(5).
-6
Let j(q) = 2*q - 103. What is j(20)?
-63
Let u(l) = -l**2 - 14*l - 8. Calculate u(-13).
5
Let k(f) = 6*f**2 + 3*f + 2. What is k(-2)?
20
Let p(k) = -k**3 + 7*k**2 - 3*k - 2. Give p(7).
-23
Let g(i) = -15*i**2 - 388*i + 57. Calculate g(-26).
5
Let i(q) = q**3 + 26*q**2 + 25*q - 18. Determine i(-25).
-18
Let g(p) = 4*p**3 + p**2 + 3*p - 3. Determine g(1).
5
Let z(q) = 6*q**2 - 206*q + 64. Calculate z(34).
-4
Let u(y) = 26*y**2 - 8*y + 1. What is u(1)?
19
Let z(v) = v**3 + 10*v**2 + 10*v - 2. Give z(-7).
75
Let r(w) = -w**3 - w**2 - 6. Determine r(0).
-6
Let v(w) = -w**3 + 13*w**2 - 33*w + 34. Give v(10).
4
Let d(x) = x**2 - 9*x - 4. Calculate d(7).
-18
Let q(n) = -15*n**3 + 2*n**2 + 2*n + 1. Calculate q(1).
-10
Let h(s) = 10*s + 60. Determine h(-6).
0
Let k(y) = y**2 - 23*y + 69. Calculate k(20).
9
Let j(d) = -d**2 + 5*d + 10. Give j(6).
4
Let n(v) = -v**3 - 5*v**2 - v + 10. Determine n(-5).
15
Let i(y) = -9*y**2 - 3*y. What is i(-2)?
-30
Let f(w) = -w**3 - 12*w**2 + 8*w - 76. Calculate f(-13).
-11
Let c(d) = d**2 + d - 43. Give c(7).
13
Let i(g) = -5*g**2 - 9*g - 2. Give i(-4).
-46
Let i(z) = -11*z - 3. Determine i(-2).
19
Let c(j) = j**2 + 10*j + 7. What is c(-10)?
7
Let z(s) = -s**3 + 19*s**2 + 45*s - 37. What is z(21)?
26
Let a(n) = n**3 - 7*n - 7. What is a(-2)?
-1
Let w(x) = 2*x**3 + 10*x**2 - 9*x + 11. Give w(-6).
-7
Let u(z) = -6*z**2 + 9*z + 4. Calculate u(-4).
-128
Let p(l) = -3*l**3 - 11*l**2 + 6*l + 2. Calculate p(-4).
-6
Let r(j) = -2*j**2 + 23*j - 57. Calculate r(8).
-1
Let r(z) = z**3 + 4*z**2 + 2*z - 1. Give r(-3).
2
Let w(k) = 14*k + 1. Determine w(1).
15
Let s(n) = -n**3 + 18*n**2 + 38*n - 1. Determine s(-2).
3
Let q(j) = 15*j - 83. What is q(6)?
7
Let i(t) = -13*t - 121. Give i(-10).
9
Let f(d) = d**2 + 13*d + 24. Determine f(-2).
2
Let v(f) = -f**2 + 3*f. Determine v(4).
-4
Let l(x) = 8*x + 6. Give l(-5).
-34
Let c(x) = 122*x - 477. Give c(4).
11
Let j(a) = -11*a - 1. Calculate j(-1).
10
Let b(p) = 3*p**3 - 2*p - 3. Determine b(-1).
-4
Let a(l) = -20*l**3 + 2*l + 2. Calculate a(-1).
20
Let i(a) = -a**2 - 10*a + 5. What is i(-10)?
5
Let m(i) = -30*i + 874. Calculate m(29).
4
Let u(c) = c**2 + 23*c - 20. What is u(-21)?
-62
Let f(h) = h**3 + 8*h**2 - 5*h + 22. Calculate f(-9).
-14
Let b(g) = -g**2 - 11*g + 11. Give b(-10).
21
Let g(c) = -54*c + 273. Determine g(5).
3
Let j(p) = -p**2 + 13*p + 12. What is j(7)?
5